{"id":254,"date":"2023-07-13T22:57:35","date_gmt":"2023-07-13T22:57:35","guid":{"rendered":"https:\/\/blueme-atelier.ch\/?page_id=254"},"modified":"2024-10-16T09:04:11","modified_gmt":"2024-10-16T09:04:11","slug":"privacy","status":"publish","type":"page","link":"https:\/\/blueme-atelier.ch\/index.php\/privacy\/","title":{"rendered":"Datenschutzerkl\u00e4rung"},"content":{"rendered":"\n<h1 class=\"wp-block-heading\">Datenschutzerkl\u00e4rung<\/h1>\n\n\n\n<h3 class=\"wp-block-heading\">Wer wir sind<\/h3>\n\n\n\n<p>Das BlumenAtelier K\u00fcmin ist eine Einzelfirma in Arlesheim. Die Adresse unserer Website ist: https:\/\/www.blueme-atelier.ch.<\/p>\n\n\n\n<h3 class=\"wp-block-heading\">Kontakt<\/h3>\n\n\n\n<p>BluemeAtelier K\u00fcmin<br>Heimgartenweg 1<br>4144 Arlesheim<\/p>\n\n\n\n<p>E-Mail: info@blueme-atelier.ch<\/p>\n\n\n\n<h3 class=\"wp-block-heading\">Welche personenbezogenen Daten wir verarbeiten und warum<\/h3>\n\n\n\n<p>Personenbezogene Daten sind alle Informationen, die sich auf eine identifizierte oder identifizierbare Person beziehen, wie z.B. Name, E-Mail-Adresse, Telefonnummer oder Adresse.<\/p>\n\n\n\n<p>Wenn du mit uns Kontakt aufnimmst, dich f\u00fcr einen Workshop anmeldest oder eine Bestellung aufgibst, speichern wir alle von dir geteilten Informationen, um deine Anfrage oder Bestellung zu bearbeiten. Diese Daten speichern wir auf einem gesch\u00fctzten lokalen Rechner.<\/p>\n\n\n\n<h3 class=\"wp-block-heading\">Rechtsgrundlage der Datenverarbeitung<\/h3>\n\n\n\n<p>Die Verarbeitung Ihrer personenbezogenen Daten erfolgt in \u00dcbereinstimmung mit dem Schweizer Datenschutzgesetz (DSG) und, soweit anwendbar, der DSGVO der Europ\u00e4ischen Union.<\/p>\n\n\n\n<h3 class=\"wp-block-heading\">Eingebettete Inhalte von anderen Websites<\/h3>\n\n\n\n<p>Beitr\u00e4ge auf dieser Website beinhalten eingebettete Inhalte (z.B. Instagram, Google Maps, YouTube). Diese Inhalte verhalten sich so, als ob der Besucher die andere Website direkt besucht h\u00e4tte. Diese Drittanbieter k\u00f6nnen personenbezogene Daten wie IP-Adressen sammeln. Informieren Sie sich direkt bei den jeweiligen Anbietern \u00fcber deren Datenschutzpraktike<\/p>\n\n\n\n<p>Die Webseite benutzt eingebettete Inhalte von folgenden Seiten: <\/p>\n\n\n\n<p><strong>1. Instagram Feed. <\/strong><\/p>\n\n\n\n<p>Auf unserer Website binden wir Inhalte von Instagram ein, einem sozialen Netzwerk der Meta Platforms, Inc., 1601 Willow Road, Menlo Park, CA 94025, USA. Wenn du eine unserer Seiten besuchst, auf denen Instagram-Inhalte eingebettet sind, wird eine Verbindung zu den Instagram-Servern hergestellt. Dabei wird dem Instagram-Server mitgeteilt, welche unserer Seiten du besucht hast. Zus\u00e4tzlich kann Instagram deine IP-Adresse erfassen und gegebenenfalls Cookies auf deinem Endger\u00e4t speichern.<\/p>\n\n\n\n<p>Wenn du in deinem Instagram-Account eingeloggt bist, kann Instagram dein Surfverhalten direkt deinem pers\u00f6nlichen Instagram-Profil zuordnen. Diese Daten k\u00f6nnen an Server von Meta Platforms in den USA \u00fcbertragen werden. Wir weisen darauf hin, dass wir als Anbieter dieser Seiten keine Kenntnis vom Inhalt der \u00fcbermittelten Daten sowie deren Nutzung durch Instagram haben.<\/p>\n\n\n\n<p>Weitere Informationen zum Datenschutz bei Instagram findest du in der Datenschutzerkl\u00e4rung von Instagram: <a href=\"https:\/\/help.instagram.com\/519522125107875\">https:\/\/help.instagram.com\/519522125107875<\/a>.<\/p>\n\n\n\n<p><strong>2. Google Maps und Reviews <\/strong><\/p>\n\n\n\n<p>Diese Website verwendet den Kartendienst Google Maps der Google LLC, 1600 Amphitheatre Parkway, Mountain View, CA 94043, USA, um interaktive Karten und Kundenrezensionen anzuzeigen. Bei der Nutzung von Google Maps wird deine IP-Adresse sowie dein Standort (falls freigegeben) an einen Google-Server in den USA \u00fcbertragen und dort gespeichert. Google Maps kann dar\u00fcber hinaus weitere personenbezogene Daten wie Suchanfragen und Interaktionen mit der Karte erfassen.<\/p>\n\n\n\n<p>Die Nutzung von Google Maps erfolgt, um dir eine einfache Auffindbarkeit unseres Standorts zu erm\u00f6glichen und dir Wegbeschreibungen bereitzustellen. Google Maps kann Cookies setzen und Daten sammeln, die an Server in die USA \u00fcbermittelt werden. Wir haben keinen Einfluss auf diese Daten\u00fcbertragung und die Datenverarbeitung durch Google.<\/p>\n\n\n\n<p>Weitere Informationen zum Datenschutz bei Google Maps findest du in der Datenschutzerkl\u00e4rung von Google: <a href=\"https:\/\/policies.google.com\/privacy\">https:\/\/policies.google.com\/privacy<\/a>.<\/p>\n\n\n\n<p>3. <strong>YouTube Videos<\/strong><\/p>\n\n\n\n<p>Auf unserer Website binden wir Videos von YouTube im &#8222;erweiterten Datenschutzmodus&#8220; ein. Dieser Modus verhindert, dass YouTube Cookies setzt, bevor der Nutzer das Video abspielt. Sobald du das Video abspielst, kann YouTube jedoch personenbezogene Daten wie deine IP-Adresse sammeln. Diese Daten k\u00f6nnen an Server von YouTube in den USA \u00fcbermittelt werden.<\/p>\n\n\n\n<p>Weitere Informationen zum Datenschutz bei YouTube findest du in der Datenschutzerkl\u00e4rung von Google: <a>https:\/\/policies.google.com\/privacy<\/a>.<\/p>\n\n\n\n<p>4. <strong>Google reCaptcha v3<\/strong><\/p>\n\n\n\n<p>Zum Schutz unserer Website vor missbr\u00e4uchlicher Nutzung und zur Absicherung bei der \u00dcbermittlung von Formularen verwenden wir den Dienst Google reCAPTCHA v3. Mit reCAPTCHA wird \u00fcberpr\u00fcft, ob die Eingabe durch einen Menschen oder missbr\u00e4uchlich durch automatisierte, maschinelle Verarbeitung erfolgt. Dieser Dienst erhebt verschiedene Informationen \u00fcber das Nutzerverhalten (z.B. IP-Adresse, Verweildauer auf der Website, Mausbewegungen, etc.), die an Google LLC \u00fcbermittelt werden. Die Nutzung von Google reCAPTCHA v3 erfolgt gem\u00e4\u00df den Google-Datenschutzbestimmungen und den Google-Nutzungsbedingungen. Diese Daten\u00fcbermittlung kann in Drittl\u00e4nder, insbesondere die USA, erfolgen. Google reCAPTCHA verwendet die gesammelten Daten zur Analyse und Sicherheit. Sie dient ausschlie\u00dflich dem Schutz unserer Website vor Spam und Missbrauch.<\/p>\n\n\n\n<p>Weitere Informationen findest du in der Datenschutzerkl\u00e4rung von Google: <a>https:\/\/policies.google.com\/privacy<\/a><br>sowie den Google-Nutzungsbedingungen: <a>https:\/\/policies.google.com\/terms<\/a>.<\/p>\n\n\n\n<h3 class=\"wp-block-heading\">Welche Daten wir speichern<\/h3>\n\n\n\n<p>Wenn du mit uns Kontakt aufnimmst, dich f\u00fcr einen Workshop anmeldest oder eine Bestellung aufgibst, speichern wir alle von dir geteilten Informationen local auf dem Rechner. Dies kann dein Name, deine E-Mail-Adresse, deine Telefonnummer oder deine Adresse sein. <\/p>\n\n\n\n<h3 class=\"wp-block-heading\">Wieso wir deine Daten speichern<\/h3>\n\n\n\n<p>Deine Daten werden ausschliesslich f\u00fcr die Kontaktaufnahme gespeichert. So k\u00f6nnen wir deine Bestellung ausliefern, dir zur\u00fcckschreiben oder dich anrufen. Wir verwenden keine Daten f\u00fcr andere Zwecke.<\/p>\n\n\n\n<h3 class=\"wp-block-heading\">Wie lange wir deine Daten speichern<\/h3>\n\n\n\n<p>Grunds\u00e4tzlich speichern wir deine Kontaktdaten zeitlich unbegrenzt. Auf diese Art k\u00f6nnen wir Folgeauftr\u00e4ge automatisch erkennen.<\/p>\n\n\n\n<h3 class=\"wp-block-heading\">Welche Rechte du an deinen Daten hast<\/h3>\n\n\n\n<p>Wenn du in irgendeiner Form mit der Webseite interagiert hast, kannst du einen Export deiner personenbezogenen Daten bei uns anfordern, inklusive aller Daten, die du uns mitgeteilt hast. Dar\u00fcber hinaus kannst du die L\u00f6schung aller personenbezogenen Daten, die wir von dir gespeichert haben, anfordern. Dies umfasst nicht die Daten, die wir aufgrund administrativer, rechtlicher oder sicherheitsrelevanter Notwendigkeiten aufbewahren m\u00fcssen.<\/p>\n\n\n\n<h3 class=\"wp-block-heading\">Wohin deine Daten gesendet werden<\/h3>\n\n\n\n<p>Nachrichten im Kontaktformular k\u00f6nnten von einem automatisierten Dienst zur Spam-Erkennung untersucht werden.<\/p>\n","protected":false},"excerpt":{"rendered":"<p>Datenschutzerkl\u00e4rung Wer wir sind Das BlumenAtelier K\u00fcmin ist eine Einzelfirma in Arlesheim. Die Adresse unserer Website ist: https:\/\/www.blueme-atelier.ch. Kontakt BluemeAtelier K\u00fcminHeimgartenweg 14144 Arlesheim E-Mail: info@blueme-atelier.ch Welche<span class=\"excerpt-hellip\"> [\u2026]<\/span><\/p>\n","protected":false},"author":1,"featured_media":0,"parent":0,"menu_order":0,"comment_status":"closed","ping_status":"closed","template":"","meta":{"footnotes":""},"class_list":["post-254","page","type-page","status-publish","hentry"],"_links":{"self":[{"href":"https:\/\/blueme-atelier.ch\/index.php\/wp-json\/wp\/v2\/pages\/254","targetHints":{"allow":["GET"]}}],"collection":[{"href":"https:\/\/blueme-atelier.ch\/index.php\/wp-json\/wp\/v2\/pages"}],"about":[{"href":"https:\/\/blueme-atelier.ch\/index.php\/wp-json\/wp\/v2\/types\/page"}],"author":[{"embeddable":true,"href":"https:\/\/blueme-atelier.ch\/index.php\/wp-json\/wp\/v2\/users\/1"}],"replies":[{"embeddable":true,"href":"https:\/\/blueme-atelier.ch\/index.php\/wp-json\/wp\/v2\/comments?post=254"}],"version-history":[{"count":8,"href":"https:\/\/blueme-atelier.ch\/index.php\/wp-json\/wp\/v2\/pages\/254\/revisions"}],"predecessor-version":[{"id":369,"href":"https:\/\/blueme-atelier.ch\/index.php\/wp-json\/wp\/v2\/pages\/254\/revisions\/369"}],"wp:attachment":[{"href":"https:\/\/blueme-atelier.ch\/index.php\/wp-json\/wp\/v2\/media?parent=254"}],"curies":[{"name":"wp","href":"https:\/\/api.w.org\/{rel}","templated":true}]}}